{"id":10459,"date":"2025-08-18T18:27:20","date_gmt":"2025-08-18T16:27:20","guid":{"rendered":"https:\/\/www.realmurcia.es\/tiendaonline\/?post_type=product&#038;p=10459"},"modified":"2026-04-29T16:58:00","modified_gmt":"2026-04-29T14:58:00","slug":"mochila-infantil-carro","status":"publish","type":"product","link":"https:\/\/www.realmurcia.es\/tiendaonline\/producto\/mochila-infantil-carro\/","title":{"rendered":"MOCHILA ESCOLAR INFANTIL REAL MURCIA (compatible con carrito)"},"content":{"rendered":"<p>Dise\u00f1ada para el d\u00eda a d\u00eda escolar, esta mochila es tan pr\u00e1ctica como bonita. Su amplio compartimento principal tiene espacio de sobra para libros, libretas y el estuche. Adem\u00e1s, est\u00e1 pensada para la comodidad de los ni\u00f1os: gracias a su banda trasera, <b>se puede acoplar f\u00e1cilmente a un carrito de ruedas<\/b>, evitando que carguen peso innecesario en la espalda.<\/p>\n<p>Con un dise\u00f1o vibrante en el color rojo de nuestro club y el escudo en el centro, esta mochila ser\u00e1 la envidia del patio.<\/p>\n<p><b>Caracter\u00edsticas Principales:<\/b><\/p>\n<ul>\n<li><b>Adaptable para Carrito:<\/b> Dispone de una cinta en la parte trasera para acoplarla de forma segura a cualquier estructura de carro con ruedas.<\/li>\n<li><b>Dise\u00f1o 100% Murcianista:<\/b> Color rojo grana, franja central blanca y el escudo del Real Murcia C.F. bordado en alta calidad.<\/li>\n<li><b>Espacio Optimizado:<\/b> Un compartimento principal con cierre de cremallera, ideal para todo el material escolar.<\/li>\n<li><b>Bolsillo Lateral:<\/b> Pr\u00e1ctico bolsillo de malla el\u00e1stica, perfecto para llevar la botella de agua o el almuerzo.<\/li>\n<li><b>C\u00f3moda y Resistente:<\/b> Fabricada con materiales duraderos para aguantar el ritmo del curso escolar y con tirantes acolchados y ajustables para llevarla c\u00f3modamente en la espalda.<\/li>\n<\/ul>\n","protected":false},"excerpt":{"rendered":"<p><strong>Mochila Infantil Real Murcia &#8211; Adaptable a Carro<\/strong><\/p>\n<p>Prepara a los peque\u00f1os campeones para un nuevo curso con la mochila infantil del Real Murcia. Es la forma perfecta de combinar la responsabilidad de los estudios con la pasi\u00f3n por nuestro equipo, luciendo con orgullo el escudo pimentonero desde el primer d\u00eda de clase.<\/p>\n","protected":false},"featured_media":10516,"template":"","meta":{"_mo_disable_npp":"","site-sidebar-layout":"default","site-content-layout":"","ast-site-content-layout":"default","site-content-style":"default","site-sidebar-style":"default","ast-global-header-display":"","ast-banner-title-visibility":"","ast-main-header-display":"","ast-hfb-above-header-display":"","ast-hfb-below-header-display":"","ast-hfb-mobile-header-display":"","site-post-title":"","ast-breadcrumbs-content":"","ast-featured-img":"","footer-sml-layout":"","ast-disable-related-posts":"","theme-transparent-header-meta":"default","adv-header-id-meta":"","stick-header-meta":"default","header-above-stick-meta":"","header-main-stick-meta":"","header-below-stick-meta":"","astra-migrate-meta-layouts":"set","ast-page-background-enabled":"default","ast-page-background-meta":{"desktop":{"background-color":"var(--ast-global-color-4)","background-image":"","background-repeat":"repeat","background-position":"center center","background-size":"auto","background-attachment":"scroll","background-type":"","background-media":"","overlay-type":"","overlay-color":"","overlay-opacity":"","overlay-gradient":""},"tablet":{"background-color":"","background-image":"","background-repeat":"repeat","background-position":"center center","background-size":"auto","background-attachment":"scroll","background-type":"","background-media":"","overlay-type":"","overlay-color":"","overlay-opacity":"","overlay-gradient":""},"mobile":{"background-color":"","background-image":"","background-repeat":"repeat","background-position":"center center","background-size":"auto","background-attachment":"scroll","background-type":"","background-media":"","overlay-type":"","overlay-color":"","overlay-opacity":"","overlay-gradient":""}},"ast-content-background-meta":{"desktop":{"background-color":"var(--ast-global-color-5)","background-image":"","background-repeat":"repeat","background-position":"center center","background-size":"auto","background-attachment":"scroll","background-type":"","background-media":"","overlay-type":"","overlay-color":"","overlay-opacity":"","overlay-gradient":""},"tablet":{"background-color":"var(--ast-global-color-5)","background-image":"","background-repeat":"repeat","background-position":"center center","background-size":"auto","background-attachment":"scroll","background-type":"","background-media":"","overlay-type":"","overlay-color":"","overlay-opacity":"","overlay-gradient":""},"mobile":{"background-color":"var(--ast-global-color-5)","background-image":"","background-repeat":"repeat","background-position":"center center","background-size":"auto","background-attachment":"scroll","background-type":"","background-media":"","overlay-type":"","overlay-color":"","overlay-opacity":"","overlay-gradient":""}},"_joinchat":[]},"product_brand":[],"product_cat":[182,222,209],"product_tag":[],"class_list":{"0":"post-10459","1":"product","2":"type-product","3":"status-publish","4":"has-post-thumbnail","6":"product_cat-accesorios","7":"product_cat-colegio","8":"product_cat-mochilas-y-bolsas","9":"desktop-align-center","10":"tablet-align-center","11":"mobile-align-center","12":"ast-product-gallery-layout-horizontal-slider","13":"ast-product-gallery-with-no-image","14":"ast-product-single-variable","15":"ast-product-tabs-layout-vertical","17":"first","18":"instock","19":"taxable","20":"shipping-taxable","21":"purchasable","22":"product-type-variable","23":"has-default-attributes"},"exclude_global_add_ons":[],"addons":[],"_links":{"self":[{"href":"https:\/\/www.realmurcia.es\/tiendaonline\/wp-json\/wp\/v2\/product\/10459","targetHints":{"allow":["GET"]}}],"collection":[{"href":"https:\/\/www.realmurcia.es\/tiendaonline\/wp-json\/wp\/v2\/product"}],"about":[{"href":"https:\/\/www.realmurcia.es\/tiendaonline\/wp-json\/wp\/v2\/types\/product"}],"wp:featuredmedia":[{"embeddable":true,"href":"https:\/\/www.realmurcia.es\/tiendaonline\/wp-json\/wp\/v2\/media\/10516"}],"wp:attachment":[{"href":"https:\/\/www.realmurcia.es\/tiendaonline\/wp-json\/wp\/v2\/media?parent=10459"}],"wp:term":[{"taxonomy":"product_brand","embeddable":true,"href":"https:\/\/www.realmurcia.es\/tiendaonline\/wp-json\/wp\/v2\/product_brand?post=10459"},{"taxonomy":"product_cat","embeddable":true,"href":"https:\/\/www.realmurcia.es\/tiendaonline\/wp-json\/wp\/v2\/product_cat?post=10459"},{"taxonomy":"product_tag","embeddable":true,"href":"https:\/\/www.realmurcia.es\/tiendaonline\/wp-json\/wp\/v2\/product_tag?post=10459"}],"curies":[{"name":"wp","href":"https:\/\/api.w.org\/{rel}","templated":true}]}}