{"id":10794,"date":"2025-09-30T10:58:26","date_gmt":"2025-09-30T08:58:26","guid":{"rendered":"https:\/\/www.realmurcia.es\/tiendaonline\/?post_type=product&#038;p=10794"},"modified":"2026-04-20T11:02:55","modified_gmt":"2026-04-20T09:02:55","slug":"gorra-acho-pimenton-rmu","status":"publish","type":"product","link":"https:\/\/www.realmurcia.es\/tiendaonline\/producto\/gorra-acho-pimenton-rmu\/","title":{"rendered":"GORRA ACHO PIMENTON RMU"},"content":{"rendered":"<p data-start=\"275\" data-end=\"532\">Gorra del <strong data-start=\"285\" data-end=\"303\">Real Murcia CF<\/strong> con dise\u00f1o inspirado en <strong data-start=\"328\" data-end=\"345\">Acho Piment\u00f3n<\/strong>, la mascota oficial del club. De color <strong data-start=\"385\" data-end=\"401\">rojo intenso<\/strong>, presenta un estampado completo con la imagen de Acho Piment\u00f3n, el escudo del Real Murcia CF y la inscripci\u00f3n <em data-start=\"512\" data-end=\"529\">\u201cAcho Piment\u00f3n\u201d<\/em>.<\/p>\n<p data-start=\"534\" data-end=\"759\">Fabricada en <strong data-start=\"547\" data-end=\"579\">tejido ligero y transpirable<\/strong>, ofrece un ajuste c\u00f3modo y seguro gracias a su <strong data-start=\"627\" data-end=\"655\">cierre trasero regulable<\/strong>. Ideal para los d\u00edas soleados, eventos deportivos o como complemento divertido para los m\u00e1s peque\u00f1os.<\/p>\n<p data-start=\"761\" data-end=\"786\">\ud83d\udd34 <strong data-start=\"764\" data-end=\"784\">Caracter\u00edsticas:<\/strong><\/p>\n<ul data-start=\"787\" data-end=\"1018\">\n<li data-start=\"787\" data-end=\"844\">\n<p data-start=\"789\" data-end=\"844\">Gorra del Real Murcia CF con dise\u00f1o de Acho Piment\u00f3n.<\/p>\n<\/li>\n<li data-start=\"845\" data-end=\"883\">\n<p data-start=\"847\" data-end=\"883\">Color rojo con estampado completo.<\/p>\n<\/li>\n<li data-start=\"884\" data-end=\"927\">\n<p data-start=\"886\" data-end=\"927\">Incluye escudo y texto \u201cAcho Piment\u00f3n\u201d.<\/p>\n<\/li>\n<li data-start=\"928\" data-end=\"957\">\n<p data-start=\"930\" data-end=\"957\">Cierre trasero ajustable.<\/p>\n<\/li>\n<li data-start=\"958\" data-end=\"991\">\n<p data-start=\"960\" data-end=\"991\">Tejido ligero y transpirable.<\/p>\n<\/li>\n<li data-start=\"992\" data-end=\"1018\">\n<p data-start=\"994\" data-end=\"1018\">Talla \u00fanica ajustable.<\/p>\n<\/li>\n<\/ul>\n<p data-start=\"1020\" data-end=\"1063\">\ud83d\udccd <em data-start=\"1023\" data-end=\"1061\">Producto oficial del Real Murcia CF.<\/em><\/p>\n","protected":false},"excerpt":{"rendered":"<p>Gorra del Real Murcia CF con dise\u00f1o inspirado en Acho Piment\u00f3n, la mascota oficial del club. De color rojo intenso, presenta un estampado completo con la imagen de Acho Piment\u00f3n, el escudo del Real Murcia CF y la inscripci\u00f3n \u201cAcho Piment\u00f3n\u201d. Fabricada en tejido ligero y transpirable, ofrece un ajuste c\u00f3modo y seguro gracias a [&hellip;]<\/p>\n","protected":false},"featured_media":11376,"template":"","meta":{"_mo_disable_npp":"","site-sidebar-layout":"default","site-content-layout":"","ast-site-content-layout":"default","site-content-style":"default","site-sidebar-style":"default","ast-global-header-display":"","ast-banner-title-visibility":"","ast-main-header-display":"","ast-hfb-above-header-display":"","ast-hfb-below-header-display":"","ast-hfb-mobile-header-display":"","site-post-title":"","ast-breadcrumbs-content":"","ast-featured-img":"","footer-sml-layout":"","ast-disable-related-posts":"","theme-transparent-header-meta":"default","adv-header-id-meta":"","stick-header-meta":"default","header-above-stick-meta":"","header-main-stick-meta":"","header-below-stick-meta":"","astra-migrate-meta-layouts":"set","ast-page-background-enabled":"default","ast-page-background-meta":{"desktop":{"background-color":"var(--ast-global-color-4)","background-image":"","background-repeat":"repeat","background-position":"center center","background-size":"auto","background-attachment":"scroll","background-type":"","background-media":"","overlay-type":"","overlay-color":"","overlay-opacity":"","overlay-gradient":""},"tablet":{"background-color":"","background-image":"","background-repeat":"repeat","background-position":"center center","background-size":"auto","background-attachment":"scroll","background-type":"","background-media":"","overlay-type":"","overlay-color":"","overlay-opacity":"","overlay-gradient":""},"mobile":{"background-color":"","background-image":"","background-repeat":"repeat","background-position":"center center","background-size":"auto","background-attachment":"scroll","background-type":"","background-media":"","overlay-type":"","overlay-color":"","overlay-opacity":"","overlay-gradient":""}},"ast-content-background-meta":{"desktop":{"background-color":"var(--ast-global-color-5)","background-image":"","background-repeat":"repeat","background-position":"center center","background-size":"auto","background-attachment":"scroll","background-type":"","background-media":"","overlay-type":"","overlay-color":"","overlay-opacity":"","overlay-gradient":""},"tablet":{"background-color":"var(--ast-global-color-5)","background-image":"","background-repeat":"repeat","background-position":"center center","background-size":"auto","background-attachment":"scroll","background-type":"","background-media":"","overlay-type":"","overlay-color":"","overlay-opacity":"","overlay-gradient":""},"mobile":{"background-color":"var(--ast-global-color-5)","background-image":"","background-repeat":"repeat","background-position":"center center","background-size":"auto","background-attachment":"scroll","background-type":"","background-media":"","overlay-type":"","overlay-color":"","overlay-opacity":"","overlay-gradient":""}},"_joinchat":[]},"product_brand":[],"product_cat":[223,202,151],"product_tag":[],"class_list":{"0":"post-10794","1":"product","2":"type-product","3":"status-publish","4":"has-post-thumbnail","6":"product_cat-acho-pimenton","7":"product_cat-gorras-y-gorros","8":"product_cat-moda","9":"desktop-align-center","10":"tablet-align-center","11":"mobile-align-center","12":"ast-product-gallery-layout-horizontal-slider","13":"ast-product-single-variable","14":"ast-product-tabs-layout-vertical","16":"first","17":"instock","18":"taxable","19":"shipping-taxable","20":"purchasable","21":"product-type-variable","22":"has-default-attributes"},"exclude_global_add_ons":[],"addons":[],"_links":{"self":[{"href":"https:\/\/www.realmurcia.es\/tiendaonline\/wp-json\/wp\/v2\/product\/10794","targetHints":{"allow":["GET"]}}],"collection":[{"href":"https:\/\/www.realmurcia.es\/tiendaonline\/wp-json\/wp\/v2\/product"}],"about":[{"href":"https:\/\/www.realmurcia.es\/tiendaonline\/wp-json\/wp\/v2\/types\/product"}],"wp:featuredmedia":[{"embeddable":true,"href":"https:\/\/www.realmurcia.es\/tiendaonline\/wp-json\/wp\/v2\/media\/11376"}],"wp:attachment":[{"href":"https:\/\/www.realmurcia.es\/tiendaonline\/wp-json\/wp\/v2\/media?parent=10794"}],"wp:term":[{"taxonomy":"product_brand","embeddable":true,"href":"https:\/\/www.realmurcia.es\/tiendaonline\/wp-json\/wp\/v2\/product_brand?post=10794"},{"taxonomy":"product_cat","embeddable":true,"href":"https:\/\/www.realmurcia.es\/tiendaonline\/wp-json\/wp\/v2\/product_cat?post=10794"},{"taxonomy":"product_tag","embeddable":true,"href":"https:\/\/www.realmurcia.es\/tiendaonline\/wp-json\/wp\/v2\/product_tag?post=10794"}],"curies":[{"name":"wp","href":"https:\/\/api.w.org\/{rel}","templated":true}]}}