{"id":13463,"date":"2026-01-24T16:38:52","date_gmt":"2026-01-24T15:38:52","guid":{"rendered":"https:\/\/www.realmurcia.es\/tiendaonline\/?post_type=product&#038;p=13463"},"modified":"2026-05-02T12:25:33","modified_gmt":"2026-05-02T10:25:33","slug":"bufanda-el-grana-es-nuestra-sena","status":"publish","type":"product","link":"https:\/\/www.realmurcia.es\/tiendaonline\/producto\/bufanda-el-grana-es-nuestra-sena\/","title":{"rendered":"BUFANDA EL GRANA ES NUESTRA SE\u00d1A"},"content":{"rendered":"<p>Esta bufanda oficial del Real Murcia presenta el lema &#8216;El Grana es Nuestra Se\u00f1a&#8217; tejido en alta definici\u00f3n. Fabricada en acr\u00edlico suave y c\u00e1lido, es el accesorio imprescindible para animar en el estadio Enrique Roca o para protegerse del fr\u00edo con estilo. Incluye el escudo del club en ambos extremos y flecos blancos cl\u00e1sicos.<\/p>\n<ul data-path-to-node=\"8\">\n<li>\n<p data-path-to-node=\"8,0,0\"><b data-path-to-node=\"8,0,0\" data-index-in-node=\"0\">Colores Principales:<\/b> Rojo Grana (Pantone corporativo aproximado al Real Murcia) y Blanco.<\/p>\n<\/li>\n<li>\n<p data-path-to-node=\"8,1,0\"><b data-path-to-node=\"8,1,0\" data-index-in-node=\"0\">Texto Central:<\/b> Leyenda \u00abEL GRANA ES NUESTRA SE\u00d1A\u00bb de alto contraste en color blanco sobre fondo rojo.<\/p>\n<\/li>\n<li>\n<p data-path-to-node=\"8,2,0\"><b data-path-to-node=\"8,2,0\" data-index-in-node=\"0\">Elementos Gr\u00e1ficos:<\/b><\/p>\n<ul data-path-to-node=\"8,2,1\">\n<li>\n<p data-path-to-node=\"8,2,1,0,0\">Escudo oficial del Real Murcia Club de F\u00fatbol integrado en los extremos.<\/p>\n<\/li>\n<li>\n<p data-path-to-node=\"8,2,1,2,0\">Fondo con patr\u00f3n sutil (marca de agua) de coronas en tono sobre tono.<\/p>\n<\/li>\n<\/ul>\n<\/li>\n<\/ul>\n","protected":false},"excerpt":{"rendered":"<h4 data-path-to-node=\"7\"><\/h4>\n<ul data-path-to-node=\"8\">\n<li><\/li>\n<li>\n<ul data-path-to-node=\"8,2,1\">\n<li>\n<p data-path-to-node=\"8,2,1,2,0\">\n<\/li>\n<\/ul>\n<\/li>\n<\/ul>\n<h4 data-path-to-node=\"11\">Instrucciones de Cuidado y Lavado<\/h4>\n<p data-path-to-node=\"12\">Para mantener la integridad del tejido acr\u00edlico y los colores:<\/p>\n<ul data-path-to-node=\"13\">\n<li>\n<p data-path-to-node=\"13,0,0\"><b data-path-to-node=\"13,0,0\" data-index-in-node=\"0\">Lavado:<\/b> Lavar a m\u00e1quina en programa delicado o a mano (m\u00e1x. 30\u00baC).<\/p>\n<\/li>\n<li>\n<p data-path-to-node=\"13,1,0\"><b data-path-to-node=\"13,1,0\" data-index-in-node=\"0\">Blanqueadores:<\/b> No usar lej\u00eda ni blanqueadores clorados.<\/p>\n<\/li>\n<li>\n<p data-path-to-node=\"13,2,0\"><b data-path-to-node=\"13,2,0\" data-index-in-node=\"0\">Secado:<\/b> No usar secadora (el calor excesivo puede deformar el acr\u00edlico). Secar en horizontal para evitar que se estire por el peso del agua.<\/p>\n<\/li>\n<li>\n<p data-path-to-node=\"13,3,0\"><b data-path-to-node=\"13,3,0\" data-index-in-node=\"0\">Planchado:<\/b> No se recomienda planchar. Si es necesario, usar temperatura muy baja y un pa\u00f1o intermedio.<\/p>\n<\/li>\n<\/ul>\n","protected":false},"featured_media":13470,"template":"","meta":{"_mo_disable_npp":"","site-sidebar-layout":"default","site-content-layout":"","ast-site-content-layout":"default","site-content-style":"default","site-sidebar-style":"default","ast-global-header-display":"","ast-banner-title-visibility":"","ast-main-header-display":"","ast-hfb-above-header-display":"","ast-hfb-below-header-display":"","ast-hfb-mobile-header-display":"","site-post-title":"","ast-breadcrumbs-content":"","ast-featured-img":"","footer-sml-layout":"","ast-disable-related-posts":"","theme-transparent-header-meta":"default","adv-header-id-meta":"","stick-header-meta":"default","header-above-stick-meta":"","header-main-stick-meta":"","header-below-stick-meta":"","astra-migrate-meta-layouts":"set","ast-page-background-enabled":"default","ast-page-background-meta":{"desktop":{"background-color":"var(--ast-global-color-4)","background-image":"","background-repeat":"repeat","background-position":"center center","background-size":"auto","background-attachment":"scroll","background-type":"","background-media":"","overlay-type":"","overlay-color":"","overlay-opacity":"","overlay-gradient":""},"tablet":{"background-color":"","background-image":"","background-repeat":"repeat","background-position":"center center","background-size":"auto","background-attachment":"scroll","background-type":"","background-media":"","overlay-type":"","overlay-color":"","overlay-opacity":"","overlay-gradient":""},"mobile":{"background-color":"","background-image":"","background-repeat":"repeat","background-position":"center center","background-size":"auto","background-attachment":"scroll","background-type":"","background-media":"","overlay-type":"","overlay-color":"","overlay-opacity":"","overlay-gradient":""}},"ast-content-background-meta":{"desktop":{"background-color":"var(--ast-global-color-5)","background-image":"","background-repeat":"repeat","background-position":"center center","background-size":"auto","background-attachment":"scroll","background-type":"","background-media":"","overlay-type":"","overlay-color":"","overlay-opacity":"","overlay-gradient":""},"tablet":{"background-color":"var(--ast-global-color-5)","background-image":"","background-repeat":"repeat","background-position":"center center","background-size":"auto","background-attachment":"scroll","background-type":"","background-media":"","overlay-type":"","overlay-color":"","overlay-opacity":"","overlay-gradient":""},"mobile":{"background-color":"var(--ast-global-color-5)","background-image":"","background-repeat":"repeat","background-position":"center center","background-size":"auto","background-attachment":"scroll","background-type":"","background-media":"","overlay-type":"","overlay-color":"","overlay-opacity":"","overlay-gradient":""}},"_joinchat":[]},"product_brand":[],"product_cat":[182,154,210,31],"product_tag":[],"class_list":{"0":"post-13463","1":"product","2":"type-product","3":"status-publish","4":"has-post-thumbnail","6":"product_cat-accesorios","7":"product_cat-bufanda","8":"product_cat-bufandas-y-banderas","9":"product_cat-regalos-y-accesorios","10":"desktop-align-center","11":"tablet-align-center","12":"mobile-align-center","13":"ast-product-gallery-layout-horizontal-slider","14":"ast-product-gallery-with-no-image","15":"ast-product-single-variable","16":"ast-product-tabs-layout-vertical","18":"first","19":"instock","20":"taxable","21":"shipping-taxable","22":"purchasable","23":"product-type-variable","24":"has-default-attributes"},"exclude_global_add_ons":[],"addons":[],"_links":{"self":[{"href":"https:\/\/www.realmurcia.es\/tiendaonline\/wp-json\/wp\/v2\/product\/13463","targetHints":{"allow":["GET"]}}],"collection":[{"href":"https:\/\/www.realmurcia.es\/tiendaonline\/wp-json\/wp\/v2\/product"}],"about":[{"href":"https:\/\/www.realmurcia.es\/tiendaonline\/wp-json\/wp\/v2\/types\/product"}],"wp:featuredmedia":[{"embeddable":true,"href":"https:\/\/www.realmurcia.es\/tiendaonline\/wp-json\/wp\/v2\/media\/13470"}],"wp:attachment":[{"href":"https:\/\/www.realmurcia.es\/tiendaonline\/wp-json\/wp\/v2\/media?parent=13463"}],"wp:term":[{"taxonomy":"product_brand","embeddable":true,"href":"https:\/\/www.realmurcia.es\/tiendaonline\/wp-json\/wp\/v2\/product_brand?post=13463"},{"taxonomy":"product_cat","embeddable":true,"href":"https:\/\/www.realmurcia.es\/tiendaonline\/wp-json\/wp\/v2\/product_cat?post=13463"},{"taxonomy":"product_tag","embeddable":true,"href":"https:\/\/www.realmurcia.es\/tiendaonline\/wp-json\/wp\/v2\/product_tag?post=13463"}],"curies":[{"name":"wp","href":"https:\/\/api.w.org\/{rel}","templated":true}]}}

BUFANDA EL GRANA ES NUESTRA SEÑA

<p>Esta bufanda oficial del Real Murcia presenta el lema &#8216;El Grana es Nuestra Seña&#8217; tejido en alta definición. Fabricada en acrílico suave y cálido, es el accesorio imprescindible para animar en el estadio Enrique Roca o para protegerse del frío con estilo. Incluye el escudo del club en ambos extremos y flecos blancos clásicos.</p>
<ul data-path-to-node="8">
<li>
<p data-path-to-node="8,0,0"><b data-path-to-node="8,0,0" data-index-in-node="0">Colores Principales:</b> Rojo Grana (Pantone corporativo aproximado al Real Murcia) y Blanco.</p>
</li>
<li>
<p data-path-to-node="8,1,0"><b data-path-to-node="8,1,0" data-index-in-node="0">Texto Central:</b> Leyenda «EL GRANA ES NUESTRA SEÑA» de alto contraste en color blanco sobre fondo rojo.</p>
</li>
<li>
<p data-path-to-node="8,2,0"><b data-path-to-node="8,2,0" data-index-in-node="0">Elementos Gráficos:</b></p>
<ul data-path-to-node="8,2,1">
<li>
<p data-path-to-node="8,2,1,0,0">Escudo oficial del Real Murcia Club de Fútbol integrado en los extremos.</p>
</li>
<li>
<p data-path-to-node="8,2,1,2,0">Fondo con patrón sutil (marca de agua) de coronas en tono sobre tono.</p>
</li>
</ul>
</li>
</ul>

<h4 data-path-to-node="7"></h4>
<ul data-path-to-node="8">
<li></li>
<li>
<ul data-path-to-node="8,2,1">
<li>
<p data-path-to-node="8,2,1,2,0">
</li>
</ul>
</li>
</ul>
<h4 data-path-to-node="11">Instrucciones de Cuidado y Lavado</h4>
<p data-path-to-node="12">Para mantener la integridad del tejido acrílico y los colores:</p>
<ul data-path-to-node="13">
<li>
<p data-path-to-node="13,0,0"><b data-path-to-node="13,0,0" data-index-in-node="0">Lavado:</b> Lavar a máquina en programa delicado o a mano (máx. 30ºC).</p>
</li>
<li>
<p data-path-to-node="13,1,0"><b data-path-to-node="13,1,0" data-index-in-node="0">Blanqueadores:</b> No usar lejía ni blanqueadores clorados.</p>
</li>
<li>
<p data-path-to-node="13,2,0"><b data-path-to-node="13,2,0" data-index-in-node="0">Secado:</b> No usar secadora (el calor excesivo puede deformar el acrílico). Secar en horizontal para evitar que se estire por el peso del agua.</p>
</li>
<li>
<p data-path-to-node="13,3,0"><b data-path-to-node="13,3,0" data-index-in-node="0">Planchado:</b> No se recomienda planchar. Si es necesario, usar temperatura muy baja y un paño intermedio.</p>
</li>
</ul>
